pose -p*h + 6 = -i. What is the remainder when h is divided by 6?
5
Let g(k) = k**3 - 7*k**2 + 9*k + 4. Let x = 34 + 30. What is the remainder when x is divided by g(6)?
20
Suppose -x + 2*k - 282 = k, 0 = 5*x + k + 1410. Calculate the remainder when x/(-9) - 6/(-9) is divided by 17.
15
Suppose 4*q - 12 = 4*s, 0 = 5*q - s - 0 - 19. Let n(p) = p. Let w(l) = -2*l + 2. Let v(b) = 3*n(b) + w(b). What is the remainder when v(5) is divided by q?
3
Calculate the remainder when 344/6 - 3/9 is divided by 1/(3*1/45).
12
Suppose -3*j - q = -208, -36 = -j + 3*q + 30. Calculate the remainder when j is divided by 18.
15
Let q = -4 - -8. Suppose 0 = q*d + 5*v - 44 - 36, 5*d - 3*v = 100. What is the remainder when d is divided by 11?
9
Let z(f) = f**3 - f**2 - f + 1. Let g(m) = -m**3 + 2*m - 2. Let u(b) = -6*g(b) - 5*z(b). What is the remainder when 49 is divided by u(-6)?
10
Let i be 2/4*(14 + -2). Suppose -39 = -3*x - i. Suppose -4*k + 132 = 2*z, k - 30 = -0*z + z. Calculate the remainder when k is divided by x.
10
Suppose q + 7 = -2*l, 0*l = 2*l. Let m(k) be the third derivative of k**5/30 + k**4/3 - k**3 + k**2. Calculate the remainder when m(q) is divided by 19.
17
Let x = 9 - 5. Suppose -x = -2*t + t. Let o(a) = -a + 10. Calculate the remainder when o(0) is divided by t.
2
Suppose -2*k - 3*k + 21 = 2*w, -3*k + 12 = w. Let x = -1 + 3. What is the remainder when -1 - -1 - (-1 - k) is divided by x?
0
Let w(o) = o**2 - 7*o + 12. Let h be w(6). Calculate the remainder when (-36)/4*(-8)/h is divided by 5.
2
Suppose h - 3*h + 13 = -g, -2*h = 4*g + 2. Let k be 2/6*3 - -3. Let f = k + 4. Calculate the remainder when f is divided by h.
3
Suppose -i = -0*i - 94. Let j = -41 + i. Calculate the remainder when j is divided by 28.
25
Let d(i) = -1 - i - 2 + 14 + 0. What is the remainder when 12 is divided by d(4)?
5
Suppose 3*l + 0*l = -2*x + 17, 0 = l - 4*x - 15. What is the remainder when -2 - (-2 - -3) - -28 is divided by l?
4
Suppose 9*c = 6*c + 60. What is the remainder when 58 is divided by c?
18
Let r = 11 + 14. What is the remainder when r is divided by (-4)/(-18) + 1116/81?
11
Suppose 0 = -3*n + 9 + 6. Suppose 0 = 4*l + 16 - 0, 0 = n*o - l + 1. Let r(y) = -8*y + 1. Calculate the remainder when 17 is divided by r(o).
8
Let w = 4 + -1. Suppose f + 3*n - 165 = 0, w*n + 0*n = 15. Suppose 0 = 5*x + 7 + 3, f = 3*h + 3*x. What is the remainder when h is divided by 18?
16
Let h(d) = 2 - 3*d + 1 + 2. Suppose -2*s + 10 + 12 = 2*n, 5*n - 2*s - 41 = 0. Calculate the remainder when h(-7) is divided by n.
8
Suppose 5*a = 2*n - 27, 1 = -2*a - 1. What is the remainder when 42 is divided by n?
9
Let h = 49 - 7. Suppose 3*k - 5*k + 2*i - 26 = 0, -i - h = 4*k. Let w = k - -20. Calculate the remainder when 16 is divided by w.
7
Let f(r) = -r**2 + 9*r - 5. Calculate the remainder when (-2)/5 - 396/(-90) is divided by f(8).
1
Suppose d + 2*d = 2*i + 34, -17 = d + 5*i. Let a be (-169)/5 - 3/15. Let b = -11 - a. Calculate the remainder when b is divided by d.
7
Let j = -5 + 4. Let q = j - -3. What is the remainder when (q/4)/((-1)/(-10)) is divided by 3?
2
Suppose 2*t - 10 = 0, t + 9 = -3*z + 137. What is the remainder when 161 is divided by z?
38
Suppose n + 1 = -5. Suppose -3*q = 2*i + 17, 0*q + 15 = -2*i - 5*q. Let t = n - i. What is the remainder when 10 is divided by t?
2
Suppose -4*n = -o - 267, -o - 198 = 5*n - 534. What is the remainder when n is divided by 17?
16
Suppose -5*r = -15, 3*d + d + 5*r - 47 = 0. Calculate the remainder when 31 is divided by d.
7
What is the remainder when -5 + (-4)/(-8)*140 is divided by 17?
14
Let u be (-3)/((-3)/2)*-4. Let k be 1/4 - (-1155)/(-60). Let l = u - k. What is the remainder when 21 is divided by l?
10
Suppose 0 = -3*m - l + 165, 4*m - 143 = -2*l + 79. Calculate the remainder when m is divided by 14.
12
Suppose 46 = 2*s - z, -4*s + 117 = s - 3*z. What is the remainder when 80 is divided by s?
17
Let u(f) = f + 8. Let y(j) = -j**3 + 3*j**2 + 3*j - 3. Let a be y(4). Let b be u(a). What is the remainder when 54 is divided by b - 6/2 - -21?
16
Let u(i) be the first derivative of i**3/3 + 5*i**2/2 + 9*i - 1. What is the remainder when 29 is divided by u(-6)?
14
Let q = -22 - -38. Suppose -122 = -2*v - 2*v + t, -2*v - t + 58 = 0. What is the remainder when v is divided by q?
14
Let j(f) be the first derivative of -2*f**2 - 18*f + 4. Calculate the remainder when 69 is divided by j(-9).
15
Let k(j) = j - 1. Let b be k(1). Calculate the remainder when (21 - b)*(0 + 1) is divided by 11.
10
Suppose 5 + 0 = -x. Let m(c) = -c**3 - 5*c**2 - 3. Let q be m(x). What is the remainder when ((-2)/q)/(6/45) is divided by 3?
2
Suppose 3*j - j - 27 = -c, 0 = 4*j - 2*c - 42. What is the remainder when ((-2)/3)/(j/(-774)) is divided by 11?
10
Suppose -338 + 107 = -7*z. Suppose 2*c - c - y = 10, -5*y = 5. Calculate the remainder when z is divided by c.
6
Let n = -15 - -6. Let y = -5 - n. What is the remainder when y is divided by 3?
1
Suppose -5*j = -2*l - 7 - 109, 2*l = -j + 28. Calculate the remainder when j is divided by 16.
8
What is the remainder when 4/10 + (-665)/(-25) is divided by 15?
12
Let q(n) = 2*n - 13. Let g be q(9). Suppose 329 = -g*s + 74. Let i = s + 98. Calculate the remainder when i is divided by 16.
15
Suppose -2*b - 5*v + 23 = 0, -5 = -b - 2*v + 8. What is the remainder when b is divided by 5?
4
Let w(s) = -s - 2. Let h be w(-5). Suppose h*q + 204 = 4*j - 352, 10 = -2*j. What is the remainder when q/(-10) + 3/(-15) is divided by 10?
9
Let i(o) = -5*o**2 + 6. Let j be i(3). Let n = -21 - -10. Let l = n - j. What is the remainder when l is divided by 15?
13
Let v = 22 - 4. Suppose -5*n = -0*n - 15. What is the remainder when (-6)/n*(2 + -19) is divided by v?
16
Let u(s) = 4*s - 9. Suppose 5*a + 25 = 0, 4*a + 30 = -3*j + 1. Calculate the remainder when u(6) is divided by 21/3 - 3/j.
7
Let w(r) = -r**3 - 2*r**2 + 4*r + 2. Let o be w(-3). Let q(f) = -f**2 - 4*f + 3. Let k be q(-4). Calculate the remainder when (o + k)*74/4 is divided by 13.
11
Let z be (1 + 0)/(3/6). Calculate the remainder when 9 is divided by (2 + -4 + 5)*z.
3
Suppose -17 = -4*v + 747. Calculate the remainder when v is divided by 48.
47
Let z(j) = 5*j + 7. Let q = 4 + 9. Calculate the remainder when z(6) is divided by q.
11
Let v = -9 + 13. Let x = -32 - 0. Calculate the remainder when x/(-2)*2/v is divided by 5.
3
Let b(h) = 4*h. Calculate the remainder when (-348)/(-18)*9/6 is divided by b(2).
5
Suppose 0 = -3*o + 5 + 10, 0 = -f + o + 12. Suppose 3*m + f = 44. What is the remainder when 16 is divided by m?
7
Let x(a) be the first derivative of 9*a**2 + a - 7. Calculate the remainder when 73 is divided by x(1).
16
Let j = 199 - 105. Let r = j - 53. Calculate the remainder when r is divided by 15.
11
Suppose 0 = -5*h + 10, -4*v = -3*v - 4*h - 16. Suppose 5*j = j + v. Calculate the remainder when 22 is divided by j.
4
Let b = -74 + 153. What is the remainder when b is divided by 41?
38
Suppose 3*s = -3*g + 3, -2*s + 4*g = -4*s. Calculate the remainder when ((-2)/(-3))/(-1)*-6 is divided by s.
0
Let j = 73 + -42. Calculate the remainder when 121 is divided by j.
28
Let l = 9 + -6. Suppose -l = 3*h - 15. What is the remainder when -7*h/(2 + -4) is divided by 5?
4
Let c(z) = -2*z**2 - 16*z + 15. Let r(o) = 3*o**2 + 24*o - 23. Let d(p) = 8*c(p) + 5*r(p). Calculate the remainder when 22 is divided by d(-7).
10
Let o = 45 - 31. Suppose 3*j + 8 = -w, -w - 3 - 1 = 2*j. Let r = w - -1. What is the remainder when o is divided by r?
4
Let w = -7 - -10. Let l = 2 + w. Suppose -2*b + 25 = l*n, -40 = -3*b - 7*n + 2*n. Calculate the remainder when 28 is divided by b.
13
Let x be ((-1)/(-2))/(3/654). Suppose -4*w + x = -0*g + 3*g, 0 = w + g - 28. Let o = -13 + 26. Calculate the remainder when w is divided by o.
12
Let l be 3/(-6)*(1 + -1). Suppose l = 3*h - 5*h + 4, -2*h + 22 = 2*j. Calculate the remainder when 1 + -1 + (-26 - -52) is divided by j.
8
Let s be 1 + -2 - (4 + -9). Suppose -3*v + s*l + 32 = -18, 0 = -v + 5*l + 24. What is the remainder when v is divided by 5?
4
Suppose 4*d + 124 = 4*w, 69 = 6*w - 3*w + 5*d. What is the remainder when 80 is divided by w?
24
Let q(s) = 19*s**2. Calculate the remainder when 56 is divided by q(1).
18
Suppose -441 - 217 = -7*r. Calculate the rema